).
205
Let h(p) = 4*p**2 + 13009*p + 64959. Determine h(-5).
14
Let s(x) = -52*x**2 + 8743*x - 1173. Calculate s(168).
3
Let f(c) = -10089*c + 181466. Determine f(18).
-136
Let s(l) = 56*l**2 - 139*l + 435. What is s(3)?
522
Let j(t) = 2*t**2 + 102*t + 1254. What is j(-40)?
374
Let m(w) = 7873*w + 1039236. Calculate m(-132).
0
Let c(x) = -x**3 + 311*x**2 + 646*x - 6262. Calculate c(313).
-2
Let u(k) = -629127*k + 1258230. Calculate u(2).
-24
Let r(z) = 32*z**2 - 218*z - 327. Calculate r(8).
-23
Let j(d) = -180*d**2 + 7936*d - 689. Determine j(44).
15
Let b(r) = -80*r**2 - 46476*r + 2323. Give b(-581).
-1
Let n(b) = -139*b**3 - 8060*b**2 + 122*b + 294. Calculate n(-58).
-54
Let g(v) = -2584*v + 90456. Give g(35).
16
Let f(i) = i**2 + 22*i - 2163. Calculate f(39).
216
Let u(d) = 642*d**2 - 5910*d + 1131. What is u(9)?
-57
Let o(b) = 21038*b - 41235. Give o(2).
841
Let j(w) = 260*w**2 + 241*w + 466. What is j(-2)?
1024
Let l(r) = -12549*r - 2170994. Calculate l(-173).
-17
Let u(j) = -j**3 + 25*j**2 + 56*j + 1724. What is u(29)?
-16
Let l(q) = -q**2 - 3533*q - 488017. Determine l(-144).
-1
Let a(p) = 69452*p - 416796. What is a(6)?
-84
Let n(a) = -36842*a + 10168396. Calculate n(276).
4
Let t(i) = -5*i**3 - i**2 - 49569*i - 49568. Calculate t(-1).
5
Let r(b) = -3142*b + 43825. Give r(14).
-163
Let b(u) = -688*u - 49519. What is b(-73)?
705
Let u(g) = -229553*g - 2065967. Calculate u(-9).
10
Let n(j) = 155*j + 3445. Calculate n(-26).
-585
Let i(c) = c**2 + 453*c + 3110. What is i(-446)?
-12
Let i(x) = 1327*x**2 + 29*x - 29. Determine i(1).
1327
Let g(v) = -11*v**3 - 21*v**2 + 53*v - 5. Calculate g(2).
-71
Let c(j) = -3009*j - 21554. Give c(-7).
-491
Let v(s) = 2*s**3 - 16*s**2 - 36*s + 171. Calculate v(-5).
-299
Let v(y) = 981*y - 1197. What is v(2)?
765
Let j(y) = 5*y**2 + 309*y + 2355. Calculate j(-53).
23
Let n(o) = -159*o**3 - 3*o**2 + 117*o + 114. Determine n(-1).
153
Let y(j) = -j**3 - 185*j**2 - 3981*j + 418. What is y(-25)?
-57
Let o(p) = -10*p**2 + 42*p - 78. Determine o(3).
-42
Let w(l) = 695760*l + 4870327. Determine w(-7).
7
Let a(o) = -183*o**2 - 42*o + 95. Give a(2).
-721
Let f(x) = -x**3 + 69*x**2 + 982*x - 1145. What is f(81)?
-335
Let u(d) = 1480*d - 100637. Determine u(68).
3
Let b(c) = -c**3 + 25*c**2 + 248*c + 113. Give b(31).
2035
Let w(o) = 31*o**2 - 3078*o - 704. Determine w(100).
1496
Let q(y) = 105596*y + 211280. Calculate q(-2).
88
Let l(k) = -108*k + 20933. What is l(151)?
4625
Let f(d) = 38*d - 2946. Determine f(74).
-134
Let y(i) = i**3 - 5*i**2 - 144*i + 20. Give y(-8).
340
Let q(o) = -2926*o + 117062. Determine q(40).
22
Let h(l) = -442*l**3 + 7*l**2 + 11*l - 5. What is h(2)?
-3491
Let x(d) = -164*d**3 + 674*d**2 - 119*d + 195. Give x(4).
7
Let p(f) = -39*f**2 + 770*f + 193. Give p(20).
-7
Let c(a) = -2*a**2 + 88*a + 1242. Give c(19).
2192
Let o(s) = 10468*s - 1559744. Determine o(149).
-12
Let n(p) = -7*p**2 - 4930*p - 97132. Calculate n(-684).
-4
Let g(y) = -3*y**2 - 1410*y - 112612. Determine g(-368).
-4
Let t(b) = 2*b**2 + 89*b - 216. Calculate t(18).
2034
Let s(j) = -j**3 + 973*j + 374. Calculate s(-31).
2
Let d(n) = 2*n**3 - 10*n**2 - 5*n + 33. Calculate d(7).
194
Let t(c) = -c**2 - 108679*c + 1412996. Determine t(13).
0
Let d(t) = -2*t**2 + 248*t - 7574. What is d(70)?
-14
Let i(b) = 16*b**3 + 289*b**2 + 15*b + 171. Calculate i(-18).
225
Let f(j) = 8891615*j - 35566469. Give f(4).
-9
Let q(v) = -12377*v - 247624. Calculate q(-20).
-84
Let x(v) = -7*v**2 - 3315*v + 2. What is x(0)?
2
Let p(h) = -213*h + 5779. Give p(28).
-185
Let v(g) = 3*g**3 - 109*g**2 - 309*g - 327. Calculate v(39).
-210
Let p(o) = 6*o**3 - 262*o**2 - 1561*o - 353. Calculate p(49).
-10
Let v(u) = 735*u**2 - 6621*u - 51. Calculate v(9).
-105
Let k(v) = v**3 - 10*v**2 - 702*v + 18. Give k(-21).
1089
Let l(b) = -b**3 + 335*b**2 - 7458*b - 1984. Determine l(311).
-118
Let b(k) = -2720*k**2 + 122403*k - 25. Give b(45).
110
Let z(q) = -171*q + 7723. Determine z(45).
28
Let o(w) = 2*w**2 - 66*w - 1908. Calculate o(-21).
360
Let f(b) = -33723*b + 134916. Give f(4).
24
Let b(y) = 932645*y + 7461176. What is b(-8)?
16
Let d(a) = 4*a**2 + 56*a - 270. Calculate d(-23).
558
Let m(k) = -7428330*k - 22284990. Determine m(-3).
0
Let a(r) = 29*r - 98. What is a(-16)?
-562
Let k(w) = 177*w**2 - 17550*w + 2720. Give k(99).
47
Let h(w) = -2*w**3 + 147*w**2 - 60*w - 1284. What is h(73)?
-335
Let q(u) = -u**3 - 75*u**2 + 322*u - 308. What is q(-79)?
-782
Let m(i) = -15823*i - 63288. Give m(-4).
4
Let i(r) = 8600*r - 85952. Give i(10).
48
Let r(j) = -6*j**2 - 42*j + 331. Calculate r(-6).
367
Let g(s) = 117878*s + 471516. Give g(-4).
4
Let z(k) = 3*k**2 + 102*k + 90. Determine z(-24).
-630
Let g(d) = -563*d**3 + 1699*d**2 - 53*d + 72. Determine g(3).
3
Let w(n) = -202*n + 3588. Calculate w(18).
-48
Let a(h) = 3*h**2 + 124*h - 21140. Determine a(66).
112
Let y(v) = v**3 - 312*v**2 + 1969*v - 799. Determine y(6).
-1
Let v(z) = -36*z**2 - 8165*z + 1590. Determine v(-227).
1
Let s(l) = 7*l**2 - 87*l + 54. Determine s(-4).
514
Let a(z) = -11*z**2 + 685*z + 24908. Calculate a(88).
4
Let a(f) = 987042*f - 1974083. Calculate a(2).
1
Let b(u) = -u**3 + 775*u**2 - 69*u + 53482. What is b(775)?
7
Let b(d) = d**3 - 7*d**2 + 1210*d - 7281. Give b(6).
-57
Let j(k) = -4*k**2 - 211*k + 2215. Give j(11).
-590
Let t(h) = 11*h**2 - 269*h - 4284. Calculate t(-14).
1638
Let k(h) = 653*h - 59370. What is k(93)?
1359
Let c(v) = -3*v**3 + 223*v**2 + 10293*v - 23633. Calculate c(106).
5
Let i(x) = -x**3 + 47*x**2 + 1038*x - 32879. Determine i(55).
11
Let r(o) = -36083*o + 252567. Calculate r(7).
-14
Let n(k) = -4*k**3 - 19*k**2 - 948*k - 4784. What is n(-5)?
-19
Let w(q) = q**3 - 114*q**2 + 522*q + 677. Calculate w(109).
-1830
Let i(h) = h**3 + 362*h**2 - 3711*h + 3350. Calculate i(-372).
2
Let r(j) = -j**3 + 41*j**2 + 53*j - 22. Determine r(42).
440
Let m(d) = -d**3 - 204*d**2 - 990*d + 797. Give m(-199).
-198
Let p(t) = 903728*t + 9037285. What is p(-10)?
5
Let a(g) = -g**3 + 117*g**2 - 186*g + 8156. Determine a(116).
36
Let x(l) = -2*l**3 + 1340*l**2 - 2593*l - 52779. Give x(668).
-7
Let j(i) = 7*i**3 + 27*i**2 + 31*i + 143. Give j(-4).
3
Let u(h) = -204*h**2 + 38*h - 93. Determine u(3).
-1815
Let a(k) = -k**3 - 68*k**2 + 152*k + 10400. Give a(-68).
64
Let r(y) = -134*y + 261. Determine r(3).
-141
Let m(x) = 4636*x + 120577. Calculate m(-26).
41
Let u(g) = -142*g**2 - 152*g + 301. Give u(2).
-571
Let u(s) = -s**3 + 126*s**2 + 28*s + 29157. Determine u(128).
-27
Let w(x) = 2*x**3 + 4427*x**2 + 76824*x - 79059. Give w(-2196).
-3
Let a(t) = -t**2 - 13*t + 818. Determine a(23).
-10
Let b(p) = 694*p - 12436. Give b(17).
-638
Let a(g) = 8604*g + 17177. Determine a(-2).
-31
Let t(q) = 308*q + 6361. Determine t(-19).
509
Let s(w) = 32*w**2 - 1085*w - 20. What is s(33)?
-977
Let u(f) = -383*f + 85413. What is u(223)?
4
Let r(n) = -534*n - 18729. Give r(-35).
-39
Let y(d) = -d**2 + 5*d + 349. What is y(20)?
49
Let n(l) = -l**3 - 120*l**2 - 726*l - 86963. Calculate n(-120).
157
Let b(t) = -25956*t - 4464437. Determine b(-172).
-5
Let n(g) = -101700*g - 1627230. Determine n(-16).
-30
Let n(c) = 494*c**3 + 2*c**2 + 2*c. Give n(-1).
-494
Let f(z) = 2*z**2 + 354*z - 7032. Give f(-195).
-12
Let i(t) = 7669*t - 7532. Determine i(1).
137
Let f(a) = -1911*a**3 + 7*a**2 + 16*a - 24. Determine f(1).
-1912
Let c(i) = -6710*i + 93847. Determine c(14).
-93
Let u(j) = -j**3 - 30*j**2 - 81*j + 20. Give u(-27).
20
Let l(z) = -2*z**2 - 1272*z + 47736. Calculate l(37).
-2066
Let f(g) = -8*g**2 + 720*g + 3774. What is f(95)?
-26
Let g(q) = 28*q**2 + 161*q - 2. Determine g(3).
733
Let i(h) = -182*h + 25503. Calculate i(140).
23
Let b(r) = -2*r**3 + 92*r**2 - 181*r - 2849. Determine b(43).
462
Let j(q) = -q**3 - 100*q**2 + 211*q + 698. Determine j(-102).
-16
Let v(p) = p**2 + 451*p + 42222. Calculate v(-318).
-72
Let v(b) = 8*b**2 + 478*b - 1616. Give v(-63).
22
Let u(z) = -2*z**3 - 180*z**2 + 4*z + 405. What is u(-90)?
45
Let j(h) = 3*h**2 - 6374*h - 19162. Calculate j(-3).
-13
Let d(v) = v**3 + 516*v**2 + 2603*v + 342. Determine d(-5).
102
Let w(a) = 131945*a + 527711. Give w(-4).
-69
Let s(p) = -p**3 + 10*p**2 + 714*p - 6. Determine s(32).
314
Let a(g) = g**2 - 180337*g - 3787531. What is a(-21)?
-13
Let q(n) =